{"id":101,"date":"2025-11-27T08:57:03","date_gmt":"2025-11-27T05:57:03","guid":{"rendered":"https:\/\/videokonferans.net\/?page_id=101"},"modified":"2025-11-27T08:57:05","modified_gmt":"2025-11-27T05:57:05","slug":"ideahub-s3","status":"publish","type":"page","link":"https:\/\/videokonferans.net\/?page_id=101","title":{"rendered":"\u0130deahub S3"},"content":{"rendered":"\n<figure class=\"wp-block-image size-large\"><img loading=\"lazy\" decoding=\"async\" width=\"1024\" height=\"907\" src=\"https:\/\/videokonferans.net\/wp-content\/uploads\/2025\/11\/ideahub-S3-on-1024x907.png\" alt=\"\" class=\"wp-image-102\" srcset=\"https:\/\/videokonferans.net\/wp-content\/uploads\/2025\/11\/ideahub-S3-on-1024x907.png 1024w, https:\/\/videokonferans.net\/wp-content\/uploads\/2025\/11\/ideahub-S3-on-300x266.png 300w, https:\/\/videokonferans.net\/wp-content\/uploads\/2025\/11\/ideahub-S3-on-768x681.png 768w, https:\/\/videokonferans.net\/wp-content\/uploads\/2025\/11\/ideahub-S3-on.png 1256w\" sizes=\"auto, (max-width: 1024px) 100vw, 1024px\" \/><\/figure>\n\n\n\n<p>ideahub S3 , 2026 itibari ile sat\u0131\u015fa sunulan \u00fcr\u00fcn olup , S2 modeline ek olarak gelen optik 5x zoom \u00f6zelli\u011fi ile daha uzaklar\u0131 daha yak\u0131na getiriyor. <br>Ayr\u0131ca S3 modelinde art\u0131k 24 adet g\u00f6m\u00fcl\u00fc mikrofon ve 15 metre ses alma mesafesi ile alan\u0131nda yine liderli\u011fi bir \u00fcst seviyeye ta\u015f\u0131yor. <\/p>\n\n\n\n<figure class=\"wp-block-image size-large\"><img loading=\"lazy\" decoding=\"async\" width=\"1024\" height=\"445\" src=\"https:\/\/videokonferans.net\/wp-content\/uploads\/2025\/11\/s3-intelligent--1024x445.png\" alt=\"\" class=\"wp-image-103\" srcset=\"https:\/\/videokonferans.net\/wp-content\/uploads\/2025\/11\/s3-intelligent--1024x445.png 1024w, https:\/\/videokonferans.net\/wp-content\/uploads\/2025\/11\/s3-intelligent--300x130.png 300w, https:\/\/videokonferans.net\/wp-content\/uploads\/2025\/11\/s3-intelligent--768x334.png 768w, https:\/\/videokonferans.net\/wp-content\/uploads\/2025\/11\/s3-intelligent-.png 1235w\" sizes=\"auto, (max-width: 1024px) 100vw, 1024px\" \/><\/figure>\n\n\n\n<p>Otomatik takip sistemi ise 1 \u00fcst seviyeye \u00e7\u0131k\u0131yor. Art\u0131k ayn\u0131 anda 2 de\u011fil 6 ki\u015fi video konferansta zoom yap\u0131lm\u0131\u015f ve b\u00f6l\u00fcnm\u00fc\u015f ekranda da g\u00f6r\u00fclebiliyor.<\/p>\n\n\n\n<figure class=\"wp-block-image size-large\"><img loading=\"lazy\" decoding=\"async\" width=\"1024\" height=\"634\" src=\"https:\/\/videokonferans.net\/wp-content\/uploads\/2025\/11\/s3-ekran-paylasimi-1024x634.png\" alt=\"\" class=\"wp-image-105\" srcset=\"https:\/\/videokonferans.net\/wp-content\/uploads\/2025\/11\/s3-ekran-paylasimi-1024x634.png 1024w, https:\/\/videokonferans.net\/wp-content\/uploads\/2025\/11\/s3-ekran-paylasimi-300x186.png 300w, https:\/\/videokonferans.net\/wp-content\/uploads\/2025\/11\/s3-ekran-paylasimi-768x476.png 768w, https:\/\/videokonferans.net\/wp-content\/uploads\/2025\/11\/s3-ekran-paylasimi.png 1274w\" sizes=\"auto, (max-width: 1024px) 100vw, 1024px\" \/><\/figure>\n\n\n\n<p>Art\u0131k ayn\u0131 anda 1 de\u011fil 9 ekran\u0131 farkl\u0131 cihazlardan payla\u015f\u0131p , ayn\u0131 anda 9 ekran\u0131 da ideahub ekran\u0131nda y\u00f6netebilirsiniz. <\/p>\n\n\n\n<figure class=\"wp-block-image size-large\"><img loading=\"lazy\" decoding=\"async\" width=\"1024\" height=\"500\" src=\"https:\/\/videokonferans.net\/wp-content\/uploads\/2025\/11\/image-1-1024x500.png\" alt=\"\" class=\"wp-image-107\" srcset=\"https:\/\/videokonferans.net\/wp-content\/uploads\/2025\/11\/image-1-1024x500.png 1024w, https:\/\/videokonferans.net\/wp-content\/uploads\/2025\/11\/image-1-300x146.png 300w, https:\/\/videokonferans.net\/wp-content\/uploads\/2025\/11\/image-1-768x375.png 768w, https:\/\/videokonferans.net\/wp-content\/uploads\/2025\/11\/image-1.png 1148w\" sizes=\"auto, (max-width: 1024px) 100vw, 1024px\" \/><\/figure>\n\n\n\n<p>S3 modeli \u00fczerinde art\u0131k Bluetooth da var. OPS olmadan da Bluetooth ba\u011flant\u0131s\u0131 imkan\u0131 gelmi\u015f oldu. <br>2 x tweeters + 2 x full-range speaker ile 1 x woofer sayesinde 3 boyutlu 3d Sterio ses imkan\u0131 ile ses art\u0131k daha da profesyonel.<\/p>\n\n\n\n<ul class=\"wp-block-list\">\n<li>Daha iyi kamera zoom \u00f6zelli\u011fi<\/li>\n\n\n\n<li>6 adet ki\u015fiye ayn\u0131 anda zoom imkan\u0131<\/li>\n\n\n\n<li>24 adet mikrofon<\/li>\n\n\n\n<li>Mavi alan \/ Acustic Baffle \u00f6zelli\u011fi daha geli\u015fmi\u015f<\/li>\n<\/ul>\n\n\n\n<p>Daha da fazlas\u0131 i\u00e7in ideahub@mskglobal.net ya da videokonferans.net form \u00fczerinden bize ula\u015fabilirsiniz.<\/p>\n","protected":false},"excerpt":{"rendered":"<p>ideahub S3 , 2026 itibari ile sat\u0131\u015fa sunulan \u00fcr\u00fcn olup , S2 modeline ek olarak gelen optik 5x zoom \u00f6zelli\u011fi ile daha uzaklar\u0131 daha yak\u0131na getiriyor. Ayr\u0131ca S3 modelinde art\u0131k 24 adet g\u00f6m\u00fcl\u00fc mikrofon ve 15 metre ses alma mesafesi ile alan\u0131nda yine liderli\u011fi bir \u00fcst seviyeye ta\u015f\u0131yor. Otomatik takip sistemi ise 1 \u00fcst seviyeye [&hellip;]<\/p>\n","protected":false},"author":1,"featured_media":0,"parent":0,"menu_order":0,"comment_status":"closed","ping_status":"closed","template":"","meta":{"footnotes":""},"class_list":["post-101","page","type-page","status-publish","hentry"],"yoast_head":"<!-- This site is optimized with the Yoast SEO plugin v23.8 - https:\/\/yoast.com\/wordpress\/plugins\/seo\/ -->\n<title>\u0130deahub S3 - Kusursuz Video Konferans Deneyimi<\/title>\n<meta name=\"description\" content=\"ideahub s3 modeli t\u00fcrkiye distrib\u00fct\u00f6r\u00fc MSK Global dir. Video Konferans \u00e7\u00f6z\u00fcm\u00fcnde S2 &#039;den sonra bir \u00fcst segmente \u00e7\u0131kan 2026 \u00fcr\u00fcn\u00fcd\u00fcr.\" \/>\n<meta name=\"robots\" content=\"index, follow, max-snippet:-1, max-image-preview:large, max-video-preview:-1\" \/>\n<link rel=\"canonical\" href=\"https:\/\/videokonferans.net\/?page_id=101\" \/>\n<meta property=\"og:locale\" content=\"tr_TR\" \/>\n<meta property=\"og:type\" content=\"article\" \/>\n<meta property=\"og:title\" content=\"\u0130deahub S3 - Kusursuz Video Konferans Deneyimi\" \/>\n<meta property=\"og:description\" content=\"ideahub s3 modeli t\u00fcrkiye distrib\u00fct\u00f6r\u00fc MSK Global dir. Video Konferans \u00e7\u00f6z\u00fcm\u00fcnde S2 &#039;den sonra bir \u00fcst segmente \u00e7\u0131kan 2026 \u00fcr\u00fcn\u00fcd\u00fcr.\" \/>\n<meta property=\"og:url\" content=\"https:\/\/videokonferans.net\/?page_id=101\" \/>\n<meta property=\"og:site_name\" content=\"Kusursuz Video Konferans Deneyimi\" \/>\n<meta property=\"article:publisher\" content=\"https:\/\/www.facebook.com\/mskglobal\/\" \/>\n<meta property=\"article:modified_time\" content=\"2025-11-27T05:57:05+00:00\" \/>\n<meta property=\"og:image\" content=\"https:\/\/videokonferans.net\/wp-content\/uploads\/2025\/11\/ideahub-S3-on.png\" \/>\n\t<meta property=\"og:image:width\" content=\"1256\" \/>\n\t<meta property=\"og:image:height\" content=\"1113\" \/>\n\t<meta property=\"og:image:type\" content=\"image\/png\" \/>\n<meta name=\"twitter:card\" content=\"summary_large_image\" \/>\n<meta name=\"twitter:label1\" content=\"Tahmini okuma s\u00fcresi\" \/>\n\t<meta name=\"twitter:data1\" content=\"2 dakika\" \/>\n<script type=\"application\/ld+json\" class=\"yoast-schema-graph\">{\"@context\":\"https:\/\/schema.org\",\"@graph\":[{\"@type\":\"WebPage\",\"@id\":\"https:\/\/videokonferans.net\/?page_id=101\",\"url\":\"https:\/\/videokonferans.net\/?page_id=101\",\"name\":\"\u0130deahub S3 - Kusursuz Video Konferans Deneyimi\",\"isPartOf\":{\"@id\":\"https:\/\/videokonferans.net\/#website\"},\"primaryImageOfPage\":{\"@id\":\"https:\/\/videokonferans.net\/?page_id=101#primaryimage\"},\"image\":{\"@id\":\"https:\/\/videokonferans.net\/?page_id=101#primaryimage\"},\"thumbnailUrl\":\"https:\/\/videokonferans.net\/wp-content\/uploads\/2025\/11\/ideahub-S3-on-1024x907.png\",\"datePublished\":\"2025-11-27T05:57:03+00:00\",\"dateModified\":\"2025-11-27T05:57:05+00:00\",\"description\":\"ideahub s3 modeli t\u00fcrkiye distrib\u00fct\u00f6r\u00fc MSK Global dir. Video Konferans \u00e7\u00f6z\u00fcm\u00fcnde S2 'den sonra bir \u00fcst segmente \u00e7\u0131kan 2026 \u00fcr\u00fcn\u00fcd\u00fcr.\",\"breadcrumb\":{\"@id\":\"https:\/\/videokonferans.net\/?page_id=101#breadcrumb\"},\"inLanguage\":\"tr\",\"potentialAction\":[{\"@type\":\"ReadAction\",\"target\":[\"https:\/\/videokonferans.net\/?page_id=101\"]}]},{\"@type\":\"ImageObject\",\"inLanguage\":\"tr\",\"@id\":\"https:\/\/videokonferans.net\/?page_id=101#primaryimage\",\"url\":\"https:\/\/videokonferans.net\/wp-content\/uploads\/2025\/11\/ideahub-S3-on.png\",\"contentUrl\":\"https:\/\/videokonferans.net\/wp-content\/uploads\/2025\/11\/ideahub-S3-on.png\",\"width\":1256,\"height\":1113},{\"@type\":\"BreadcrumbList\",\"@id\":\"https:\/\/videokonferans.net\/?page_id=101#breadcrumb\",\"itemListElement\":[{\"@type\":\"ListItem\",\"position\":1,\"name\":\"Anasayfa\",\"item\":\"https:\/\/videokonferans.net\/\"},{\"@type\":\"ListItem\",\"position\":2,\"name\":\"\u0130deahub S3\"}]},{\"@type\":\"WebSite\",\"@id\":\"https:\/\/videokonferans.net\/#website\",\"url\":\"https:\/\/videokonferans.net\/\",\"name\":\"Kusursuz Video Konferans Deneyimi\",\"description\":\"Huawei ideahub ile ofisinize prestij getirin\",\"publisher\":{\"@id\":\"https:\/\/videokonferans.net\/#organization\"},\"potentialAction\":[{\"@type\":\"SearchAction\",\"target\":{\"@type\":\"EntryPoint\",\"urlTemplate\":\"https:\/\/videokonferans.net\/?s={search_term_string}\"},\"query-input\":{\"@type\":\"PropertyValueSpecification\",\"valueRequired\":true,\"valueName\":\"search_term_string\"}}],\"inLanguage\":\"tr\"},{\"@type\":\"Organization\",\"@id\":\"https:\/\/videokonferans.net\/#organization\",\"name\":\"Kusursuz Video Konferans Deneyimi\",\"url\":\"https:\/\/videokonferans.net\/\",\"logo\":{\"@type\":\"ImageObject\",\"inLanguage\":\"tr\",\"@id\":\"https:\/\/videokonferans.net\/#\/schema\/logo\/image\/\",\"url\":\"https:\/\/videokonferans.net\/wp-content\/uploads\/2024\/01\/cropped-huawei-ideahub-2.jpg\",\"contentUrl\":\"https:\/\/videokonferans.net\/wp-content\/uploads\/2024\/01\/cropped-huawei-ideahub-2.jpg\",\"width\":512,\"height\":512,\"caption\":\"Kusursuz Video Konferans Deneyimi\"},\"image\":{\"@id\":\"https:\/\/videokonferans.net\/#\/schema\/logo\/image\/\"},\"sameAs\":[\"https:\/\/www.facebook.com\/mskglobal\/\",\"https:\/\/www.youtube.com\/@mskglobal\",\"https:\/\/www.instagram.com\/msk.global\/\",\"https:\/\/tr.linkedin.com\/company\/msk-global-elektronik\"]}]}<\/script>\n<!-- \/ Yoast SEO plugin. -->","yoast_head_json":{"title":"\u0130deahub S3 - Kusursuz Video Konferans Deneyimi","description":"ideahub s3 modeli t\u00fcrkiye distrib\u00fct\u00f6r\u00fc MSK Global dir. Video Konferans \u00e7\u00f6z\u00fcm\u00fcnde S2 'den sonra bir \u00fcst segmente \u00e7\u0131kan 2026 \u00fcr\u00fcn\u00fcd\u00fcr.","robots":{"index":"index","follow":"follow","max-snippet":"max-snippet:-1","max-image-preview":"max-image-preview:large","max-video-preview":"max-video-preview:-1"},"canonical":"https:\/\/videokonferans.net\/?page_id=101","og_locale":"tr_TR","og_type":"article","og_title":"\u0130deahub S3 - Kusursuz Video Konferans Deneyimi","og_description":"ideahub s3 modeli t\u00fcrkiye distrib\u00fct\u00f6r\u00fc MSK Global dir. Video Konferans \u00e7\u00f6z\u00fcm\u00fcnde S2 'den sonra bir \u00fcst segmente \u00e7\u0131kan 2026 \u00fcr\u00fcn\u00fcd\u00fcr.","og_url":"https:\/\/videokonferans.net\/?page_id=101","og_site_name":"Kusursuz Video Konferans Deneyimi","article_publisher":"https:\/\/www.facebook.com\/mskglobal\/","article_modified_time":"2025-11-27T05:57:05+00:00","og_image":[{"width":1256,"height":1113,"url":"https:\/\/videokonferans.net\/wp-content\/uploads\/2025\/11\/ideahub-S3-on.png","type":"image\/png"}],"twitter_card":"summary_large_image","twitter_misc":{"Tahmini okuma s\u00fcresi":"2 dakika"},"schema":{"@context":"https:\/\/schema.org","@graph":[{"@type":"WebPage","@id":"https:\/\/videokonferans.net\/?page_id=101","url":"https:\/\/videokonferans.net\/?page_id=101","name":"\u0130deahub S3 - Kusursuz Video Konferans Deneyimi","isPartOf":{"@id":"https:\/\/videokonferans.net\/#website"},"primaryImageOfPage":{"@id":"https:\/\/videokonferans.net\/?page_id=101#primaryimage"},"image":{"@id":"https:\/\/videokonferans.net\/?page_id=101#primaryimage"},"thumbnailUrl":"https:\/\/videokonferans.net\/wp-content\/uploads\/2025\/11\/ideahub-S3-on-1024x907.png","datePublished":"2025-11-27T05:57:03+00:00","dateModified":"2025-11-27T05:57:05+00:00","description":"ideahub s3 modeli t\u00fcrkiye distrib\u00fct\u00f6r\u00fc MSK Global dir. Video Konferans \u00e7\u00f6z\u00fcm\u00fcnde S2 'den sonra bir \u00fcst segmente \u00e7\u0131kan 2026 \u00fcr\u00fcn\u00fcd\u00fcr.","breadcrumb":{"@id":"https:\/\/videokonferans.net\/?page_id=101#breadcrumb"},"inLanguage":"tr","potentialAction":[{"@type":"ReadAction","target":["https:\/\/videokonferans.net\/?page_id=101"]}]},{"@type":"ImageObject","inLanguage":"tr","@id":"https:\/\/videokonferans.net\/?page_id=101#primaryimage","url":"https:\/\/videokonferans.net\/wp-content\/uploads\/2025\/11\/ideahub-S3-on.png","contentUrl":"https:\/\/videokonferans.net\/wp-content\/uploads\/2025\/11\/ideahub-S3-on.png","width":1256,"height":1113},{"@type":"BreadcrumbList","@id":"https:\/\/videokonferans.net\/?page_id=101#breadcrumb","itemListElement":[{"@type":"ListItem","position":1,"name":"Anasayfa","item":"https:\/\/videokonferans.net\/"},{"@type":"ListItem","position":2,"name":"\u0130deahub S3"}]},{"@type":"WebSite","@id":"https:\/\/videokonferans.net\/#website","url":"https:\/\/videokonferans.net\/","name":"Kusursuz Video Konferans Deneyimi","description":"Huawei ideahub ile ofisinize prestij getirin","publisher":{"@id":"https:\/\/videokonferans.net\/#organization"},"potentialAction":[{"@type":"SearchAction","target":{"@type":"EntryPoint","urlTemplate":"https:\/\/videokonferans.net\/?s={search_term_string}"},"query-input":{"@type":"PropertyValueSpecification","valueRequired":true,"valueName":"search_term_string"}}],"inLanguage":"tr"},{"@type":"Organization","@id":"https:\/\/videokonferans.net\/#organization","name":"Kusursuz Video Konferans Deneyimi","url":"https:\/\/videokonferans.net\/","logo":{"@type":"ImageObject","inLanguage":"tr","@id":"https:\/\/videokonferans.net\/#\/schema\/logo\/image\/","url":"https:\/\/videokonferans.net\/wp-content\/uploads\/2024\/01\/cropped-huawei-ideahub-2.jpg","contentUrl":"https:\/\/videokonferans.net\/wp-content\/uploads\/2024\/01\/cropped-huawei-ideahub-2.jpg","width":512,"height":512,"caption":"Kusursuz Video Konferans Deneyimi"},"image":{"@id":"https:\/\/videokonferans.net\/#\/schema\/logo\/image\/"},"sameAs":["https:\/\/www.facebook.com\/mskglobal\/","https:\/\/www.youtube.com\/@mskglobal","https:\/\/www.instagram.com\/msk.global\/","https:\/\/tr.linkedin.com\/company\/msk-global-elektronik"]}]}},"_links":{"self":[{"href":"https:\/\/videokonferans.net\/index.php?rest_route=\/wp\/v2\/pages\/101","targetHints":{"allow":["GET"]}}],"collection":[{"href":"https:\/\/videokonferans.net\/index.php?rest_route=\/wp\/v2\/pages"}],"about":[{"href":"https:\/\/videokonferans.net\/index.php?rest_route=\/wp\/v2\/types\/page"}],"author":[{"embeddable":true,"href":"https:\/\/videokonferans.net\/index.php?rest_route=\/wp\/v2\/users\/1"}],"replies":[{"embeddable":true,"href":"https:\/\/videokonferans.net\/index.php?rest_route=%2Fwp%2Fv2%2Fcomments&post=101"}],"version-history":[{"count":1,"href":"https:\/\/videokonferans.net\/index.php?rest_route=\/wp\/v2\/pages\/101\/revisions"}],"predecessor-version":[{"id":108,"href":"https:\/\/videokonferans.net\/index.php?rest_route=\/wp\/v2\/pages\/101\/revisions\/108"}],"wp:attachment":[{"href":"https:\/\/videokonferans.net\/index.php?rest_route=%2Fwp%2Fv2%2Fmedia&parent=101"}],"curies":[{"name":"wp","href":"https:\/\/api.w.org\/{rel}","templated":true}]}}